{"id":90,"date":"2022-01-24T22:26:08","date_gmt":"2022-01-24T21:26:08","guid":{"rendered":"https:\/\/rodaunaktiv.net\/wordpress\/?page_id=90"},"modified":"2023-02-12T22:06:12","modified_gmt":"2023-02-12T21:06:12","slug":"kalender","status":"publish","type":"page","link":"https:\/\/rodaunaktiv.net\/wordpress\/kalender\/","title":{"rendered":"Rodauner Geschichte: Das \u201eHeritage Project\u201c"},"content":{"rendered":"\n<figure class=\"wp-block-image alignright size-medium\"><a href=\"https:\/\/rodaunaktiv.net\/wordpress\/wp-content\/uploads\/2022\/01\/Rodaun_Schloss_Bahnhof_um_1910.jpeg\" target=\"_blank\" rel=\"noopener\"><img loading=\"lazy\" decoding=\"async\" width=\"300\" height=\"183\" src=\"https:\/\/rodaunaktiv.net\/wordpress\/wp-content\/uploads\/2022\/01\/Rodaun_Schloss_Bahnhof_um_1910-300x183.jpeg\" alt=\"\" class=\"wp-image-109\" srcset=\"https:\/\/rodaunaktiv.net\/wordpress\/wp-content\/uploads\/2022\/01\/Rodaun_Schloss_Bahnhof_um_1910-300x183.jpeg 300w, https:\/\/rodaunaktiv.net\/wordpress\/wp-content\/uploads\/2022\/01\/Rodaun_Schloss_Bahnhof_um_1910-1024x625.jpeg 1024w, https:\/\/rodaunaktiv.net\/wordpress\/wp-content\/uploads\/2022\/01\/Rodaun_Schloss_Bahnhof_um_1910-768x469.jpeg 768w, https:\/\/rodaunaktiv.net\/wordpress\/wp-content\/uploads\/2022\/01\/Rodaun_Schloss_Bahnhof_um_1910-1536x938.jpeg 1536w, https:\/\/rodaunaktiv.net\/wordpress\/wp-content\/uploads\/2022\/01\/Rodaun_Schloss_Bahnhof_um_1910.jpeg 1769w\" sizes=\"auto, (max-width: 300px) 100vw, 300px\" \/><\/a><figcaption class=\"wp-element-caption\">Rodaun 1910<\/figcaption><\/figure>\n\n\n\n<p class=\"has-drop-cap\">Das Geschichtsprojekt \u201eRodaun Heritage\u201c soll mit Hilfe von Video-Interviews mit Zeitzeuginnen und Zeitzeugen das Leben in Rodaun im 20. Jahrhundert dokumentieren und seine Ver\u00e4nderungen und Entwicklungen im sozialen, kulturellen und wirtschaftlichen Kontext, anhand pers\u00f6nlicher Biografien, sichtbar machen. Dar\u00fcber hinaus werden zu den Interviews passende Erinnerungsst\u00fccke, wie alte Fotos, Filme aber auch Plakate, Zeitungsausschnitte, etc. digital erfasst und gesichert.<\/p>\n\n\n\n<h3 class=\"has-text-align-center has-medium-font-size wp-block-heading\" id=\"personliche-erinnerungen-bewahren\"><strong>Pers\u00f6nliche Erinnerungen bewahren<\/strong><\/h3>\n\n\n\n<figure class=\"wp-block-image alignright size-medium\"><a href=\"https:\/\/rodaunaktiv.net\/wordpress\/wp-content\/uploads\/2022\/01\/Bru\u0308cke_Willergasse_Einsturz_Hochwasser_Liesing_1951-05-11-scaled.jpg\"><img loading=\"lazy\" decoding=\"async\" width=\"300\" height=\"211\" src=\"https:\/\/rodaunaktiv.net\/wordpress\/wp-content\/uploads\/2022\/01\/Bru\u0308cke_Willergasse_Einsturz_Hochwasser_Liesing_1951-05-11-300x211.jpg\" alt=\"\" class=\"wp-image-107\" srcset=\"https:\/\/rodaunaktiv.net\/wordpress\/wp-content\/uploads\/2022\/01\/Bru\u0308cke_Willergasse_Einsturz_Hochwasser_Liesing_1951-05-11-300x211.jpg 300w, https:\/\/rodaunaktiv.net\/wordpress\/wp-content\/uploads\/2022\/01\/Bru\u0308cke_Willergasse_Einsturz_Hochwasser_Liesing_1951-05-11-1024x719.jpg 1024w, https:\/\/rodaunaktiv.net\/wordpress\/wp-content\/uploads\/2022\/01\/Bru\u0308cke_Willergasse_Einsturz_Hochwasser_Liesing_1951-05-11-768x539.jpg 768w, https:\/\/rodaunaktiv.net\/wordpress\/wp-content\/uploads\/2022\/01\/Bru\u0308cke_Willergasse_Einsturz_Hochwasser_Liesing_1951-05-11-1536x1079.jpg 1536w, https:\/\/rodaunaktiv.net\/wordpress\/wp-content\/uploads\/2022\/01\/Bru\u0308cke_Willergasse_Einsturz_Hochwasser_Liesing_1951-05-11-2048x1439.jpg 2048w\" sizes=\"auto, (max-width: 300px) 100vw, 300px\" \/><\/a><figcaption class=\"wp-element-caption\">Ein Hochwasser des Liesingbachs im Mai 1951 l\u00e4\u00dft die Willergassenbr\u00fccke einst\u00fcrzen.<\/figcaption><\/figure>\n\n\n\n<p>Im Herbst 2017 hat RODAUN AKTIV das Projekt \u201eRodaun Heritage\u201c gestartet. Seither wurden alteingesessene Rodaunerinnen und Rodauner zu ihren Erinnerungen an Rodaun befragt. Vor der Video-Kamera erz\u00e4hlen sie von ihrer Kindheit, dem Spielen in der damals noch unregulierten Liesing, den \u201eZigeunern&#8220;, die durch Rodaun zogen und Scheren schliffen oder den vielen kleinen Gesch\u00e4ften. Erinnerungen gibt es aber auch an das Stelzerbad, dessen Wasser manchmal so veralgt und tr\u00fcb war, dass man tauchend Verstecken spielen konnte. Zur Sprache kamen aber auch die Kriegsjahre und die Zeit der Nationalsozialisten. Traurige Erinnerungen gibt es an die\u00a0 Rodaunerinnen Helene und Ruth Fuchs, die von den Nazis im Konzentrationslager ermordet wurden. \u00dcberlebt hat den Holocaust der Sohn bzw. Bruder Karl Fuchs. Nach seiner Flucht lebte er in Israel. Danach erstmals wieder in Rodaun auf Besuch war 2019. Dabei  erinnert er sich an seine Kindheit in der Rodauner Elisenstra\u00dfe.<\/p>\n\n\n\n<p>Die ersten Videos des Projektes:<\/p>\n\n\n\n<ul class=\"wp-block-list\">\n<li><a href=\"https:\/\/youtu.be\/F4x2ee-QGXw\" target=\"_blank\" rel=\"noreferrer noopener\">Kindheit in Rodaun<\/a><\/li>\n\n\n\n<li><a href=\"https:\/\/youtu.be\/fuO9lTJX-Yg\" target=\"_blank\" rel=\"noreferrer noopener\">Was war damals anders in Rodaun<\/a><\/li>\n\n\n\n<li><a href=\"https:\/\/youtu.be\/vIq8i4pHypo\" target=\"_blank\" rel=\"noreferrer noopener\">Nationalsozialismus in Rodaun<\/a><\/li>\n\n\n\n<li><a href=\"https:\/\/youtu.be\/TrTh7IZlCJE\" target=\"_blank\" rel=\"noreferrer noopener\">Schulzeit in Rodaun<\/a><\/li>\n\n\n\n<li><a href=\"https:\/\/youtu.be\/-T4nkT22RRA\">Der Zweite Weltkrieg in Rodaun<\/a><\/li>\n\n\n\n<li><a href=\"https:\/\/youtu.be\/WWIp4Asa-U0\" target=\"_blank\" rel=\"noreferrer noopener\">Gastst\u00e4tten in Rodaun<\/a><\/li>\n\n\n\n<li><a href=\"https:\/\/youtu.be\/06m8FqZkL94\" target=\"_blank\" rel=\"noreferrer noopener\">Winter in Rodaun<\/a><\/li>\n\n\n\n<li><a href=\"https:\/\/youtu.be\/3Mdd26nTUyU\" target=\"_blank\" rel=\"noreferrer noopener\">Schwimmb\u00e4der in Rodaun<\/a><\/li>\n<\/ul>\n\n\n\n<h3 class=\"has-text-align-center has-medium-font-size wp-block-heading\" id=\"offentlich-zugangliche-dokumentation\"><strong>\u00d6ffentlich zug\u00e4ngliche Dokumentation<\/strong><\/h3>\n\n\n\n<p>Die Ergebnisse der pers\u00f6nlichen Erinnerungen aus den Videointerviews werden mit Dokumenten und anderen historischen Quellen abgeglichen und systematisch aufgearbeitet. Um die Ergebnisse einer gro\u00dfen \u00d6ffentlichkeit zur Verf\u00fcgung zu stellen wird ein Wiki gef\u00fcllt. Rodaun Aktiv kooperiert dazu mit dem RegiowikiAT <a rel=\"noreferrer noopener\" href=\"https:\/\/regiowiki.at\/wiki\/Rodaun\" target=\"_blank\">https:\/\/regiowiki.at\/wiki\/Rodaun<\/a> . Jeder kann mitmachen und dort sein Wissen und seine verbrieften Informationen \u00fcber Rodaun eintragen oder erg\u00e4nzen. Allerdings ist eine Registrierung notwendig. Genaueres siehe&nbsp;unter \u201e<a rel=\"noreferrer noopener\" href=\"https:\/\/regiowiki.at\/wiki\/Regiowiki:Wer_kann_mitmachen%3F\" target=\"_blank\">Wer kann auf Regiowiki mitmachen?<\/a>\u201c<\/p>\n\n\n\n<h3 class=\"has-text-align-center has-medium-font-size wp-block-heading\" id=\"wir-suchen-zeitzeuginnen-und-alte-dokumente\"><strong>Wir suchen ZeitzeugInnen und alte Dokumente<\/strong><\/h3>\n\n\n\n<p>Wer Personen kennt, die \u00fcber Rodaun aus den vergangenen Jahrzehnten erz\u00e4hlen k\u00f6nnen und wollen, wir freuen uns \u00fcber eine Vermittlung. Sollten sie alte Fotos, Filmaufnahmen, Zeitungsausschnitte oder andere Gegenst\u00e4nde finden, die vergangene Jahre in Rodaun dokumentieren, gerne w\u00fcrden wir diese Erinnerungen abfotografieren oder scannen. Bitte mit Marcus Marschalek (marschalek.marcus@gmail.com +4366488119408) Kontakt aufnehmen.<\/p>\n","protected":false},"excerpt":{"rendered":"<p>Das Geschichtsprojekt \u201eRodaun Heritage\u201c soll mit Hilfe von Video-Interviews mit Zeitzeuginnen und Zeitzeugen das Leben in Rodaun im 20. Jahrhundert dokumentieren und seine Ver\u00e4nderungen und Entwicklungen im sozialen, kulturellen und wirtschaftlichen Kontext, anhand pers\u00f6nlicher Biografien, sichtbar machen. Dar\u00fcber hinaus werden zu den Interviews passende Erinnerungsst\u00fccke, wie alte Fotos, Filme aber auch Plakate, Zeitungsausschnitte, etc. digital [&hellip;]<\/p>\n","protected":false},"author":2,"featured_media":0,"parent":0,"menu_order":0,"comment_status":"closed","ping_status":"closed","template":"","meta":{"footnotes":""},"class_list":["post-90","page","type-page","status-publish","hentry"],"_links":{"self":[{"href":"https:\/\/rodaunaktiv.net\/wordpress\/wp-json\/wp\/v2\/pages\/90","targetHints":{"allow":["GET"]}}],"collection":[{"href":"https:\/\/rodaunaktiv.net\/wordpress\/wp-json\/wp\/v2\/pages"}],"about":[{"href":"https:\/\/rodaunaktiv.net\/wordpress\/wp-json\/wp\/v2\/types\/page"}],"author":[{"embeddable":true,"href":"https:\/\/rodaunaktiv.net\/wordpress\/wp-json\/wp\/v2\/users\/2"}],"replies":[{"embeddable":true,"href":"https:\/\/rodaunaktiv.net\/wordpress\/wp-json\/wp\/v2\/comments?post=90"}],"version-history":[{"count":21,"href":"https:\/\/rodaunaktiv.net\/wordpress\/wp-json\/wp\/v2\/pages\/90\/revisions"}],"predecessor-version":[{"id":511,"href":"https:\/\/rodaunaktiv.net\/wordpress\/wp-json\/wp\/v2\/pages\/90\/revisions\/511"}],"wp:attachment":[{"href":"https:\/\/rodaunaktiv.net\/wordpress\/wp-json\/wp\/v2\/media?parent=90"}],"curies":[{"name":"wp","href":"https:\/\/api.w.org\/{rel}","templated":true}]}}

<figure class="wp-block-image alignright size-medium"><a href="https://rodaunaktiv.net/wordpress/wp-content/uploads/2022/01/Rodaun_Schloss_Bahnhof_um_1910.jpeg" target="_blank" rel="noopener"><img loading="lazy" decoding="async" width="300" height="183" src="https://rodaunaktiv.net/wordpress/wp-content/uploads/2022/01/Rodaun_Schloss_Bahnhof_um_1910-300x183.jpeg" alt="" class="wp-image-109" srcset="https://rodaunaktiv.net/wordpress/wp-content/uploads/2022/01/Rodaun_Schloss_Bahnhof_um_1910-300x183.jpeg 300w, https://rodaunaktiv.net/wordpress/wp-content/uploads/2022/01/Rodaun_Schloss_Bahnhof_um_1910-1024x625.jpeg 1024w, https://rodaunaktiv.net/wordpress/wp-content/uploads/2022/01/Rodaun_Schloss_Bahnhof_um_1910-768x469.jpeg 768w, https://rodaunaktiv.net/wordpress/wp-content/uploads/2022/01/Rodaun_Schloss_Bahnhof_um_1910-1536x938.jpeg 1536w, https://rodaunaktiv.net/wordpress/wp-content/uploads/2022/01/Rodaun_Schloss_Bahnhof_um_1910.jpeg 1769w" sizes="auto, (max-width: 300px) 100vw, 300px" /></a><figcaption class="wp-element-caption">Rodaun 1910</figcaption></figure>



<p class="has-drop-cap">Das Geschichtsprojekt „Rodaun Heritage“ soll mit Hilfe von Video-Interviews mit Zeitzeuginnen und Zeitzeugen das Leben in Rodaun im 20. Jahrhundert dokumentieren und seine Veränderungen und Entwicklungen im sozialen, kulturellen und wirtschaftlichen Kontext, anhand persönlicher Biografien, sichtbar machen. Darüber hinaus werden zu den Interviews passende Erinnerungsstücke, wie alte Fotos, Filme aber auch Plakate, Zeitungsausschnitte, etc. digital erfasst und gesichert.</p>



<h3 class="has-text-align-center has-medium-font-size wp-block-heading" id="personliche-erinnerungen-bewahren"><strong>Persönliche Erinnerungen bewahren</strong></h3>



<figure class="wp-block-image alignright size-medium"><a href="https://rodaunaktiv.net/wordpress/wp-content/uploads/2022/01/Brücke_Willergasse_Einsturz_Hochwasser_Liesing_1951-05-11-scaled.jpg"><img loading="lazy" decoding="async" width="300" height="211" src="https://rodaunaktiv.net/wordpress/wp-content/uploads/2022/01/Brücke_Willergasse_Einsturz_Hochwasser_Liesing_1951-05-11-300x211.jpg" alt="" class="wp-image-107" srcset="https://rodaunaktiv.net/wordpress/wp-content/uploads/2022/01/Brücke_Willergasse_Einsturz_Hochwasser_Liesing_1951-05-11-300x211.jpg 300w, https://rodaunaktiv.net/wordpress/wp-content/uploads/2022/01/Brücke_Willergasse_Einsturz_Hochwasser_Liesing_1951-05-11-1024x719.jpg 1024w, https://rodaunaktiv.net/wordpress/wp-content/uploads/2022/01/Brücke_Willergasse_Einsturz_Hochwasser_Liesing_1951-05-11-768x539.jpg 768w, https://rodaunaktiv.net/wordpress/wp-content/uploads/2022/01/Brücke_Willergasse_Einsturz_Hochwasser_Liesing_1951-05-11-1536x1079.jpg 1536w, https://rodaunaktiv.net/wordpress/wp-content/uploads/2022/01/Brücke_Willergasse_Einsturz_Hochwasser_Liesing_1951-05-11-2048x1439.jpg 2048w" sizes="auto, (max-width: 300px) 100vw, 300px" /></a><figcaption class="wp-element-caption">Ein Hochwasser des Liesingbachs im Mai 1951 läßt die Willergassenbrücke einstürzen.</figcaption></figure>



<p>Im Herbst 2017 hat RODAUN AKTIV das Projekt „Rodaun Heritage“ gestartet. Seither wurden alteingesessene Rodaunerinnen und Rodauner zu ihren Erinnerungen an Rodaun befragt. Vor der Video-Kamera erzählen sie von ihrer Kindheit, dem Spielen in der damals noch unregulierten Liesing, den „Zigeunern&#8220;, die durch Rodaun zogen und Scheren schliffen oder den vielen kleinen Geschäften. Erinnerungen gibt es aber auch an das Stelzerbad, dessen Wasser manchmal so veralgt und trüb war, dass man tauchend Verstecken spielen konnte. Zur Sprache kamen aber auch die Kriegsjahre und die Zeit der Nationalsozialisten. Traurige Erinnerungen gibt es an die  Rodaunerinnen Helene und Ruth Fuchs, die von den Nazis im Konzentrationslager ermordet wurden. Überlebt hat den Holocaust der Sohn bzw. Bruder Karl Fuchs. Nach seiner Flucht lebte er in Israel. Danach erstmals wieder in Rodaun auf Besuch war 2019. Dabei  erinnert er sich an seine Kindheit in der Rodauner Elisenstraße.</p>



<p>Die ersten Videos des Projektes:</p>



<ul class="wp-block-list">
<li><a href="https://youtu.be/F4x2ee-QGXw" target="_blank" rel="noreferrer noopener">Kindheit in Rodaun</a></li>



<li><a href="https://youtu.be/fuO9lTJX-Yg" target="_blank" rel="noreferrer noopener">Was war damals anders in Rodaun</a></li>



<li><a href="https://youtu.be/vIq8i4pHypo" target="_blank" rel="noreferrer noopener">Nationalsozialismus in Rodaun</a></li>



<li><a href="https://youtu.be/TrTh7IZlCJE" target="_blank" rel="noreferrer noopener">Schulzeit in Rodaun</a></li>



<li><a href="https://youtu.be/-T4nkT22RRA">Der Zweite Weltkrieg in Rodaun</a></li>



<li><a href="https://youtu.be/WWIp4Asa-U0" target="_blank" rel="noreferrer noopener">Gaststätten in Rodaun</a></li>



<li><a href="https://youtu.be/06m8FqZkL94" target="_blank" rel="noreferrer noopener">Winter in Rodaun</a></li>



<li><a href="https://youtu.be/3Mdd26nTUyU" target="_blank" rel="noreferrer noopener">Schwimmbäder in Rodaun</a></li>
</ul>



<h3 class="has-text-align-center has-medium-font-size wp-block-heading" id="offentlich-zugangliche-dokumentation"><strong>Öffentlich zugängliche Dokumentation</strong></h3>



<p>Die Ergebnisse der persönlichen Erinnerungen aus den Videointerviews werden mit Dokumenten und anderen historischen Quellen abgeglichen und systematisch aufgearbeitet. Um die Ergebnisse einer großen Öffentlichkeit zur Verfügung zu stellen wird ein Wiki gefüllt. Rodaun Aktiv kooperiert dazu mit dem RegiowikiAT <a rel="noreferrer noopener" href="https://regiowiki.at/wiki/Rodaun" target="_blank">https://regiowiki.at/wiki/Rodaun</a> . Jeder kann mitmachen und dort sein Wissen und seine verbrieften Informationen über Rodaun eintragen oder ergänzen. Allerdings ist eine Registrierung notwendig. Genaueres siehe&nbsp;unter „<a rel="noreferrer noopener" href="https://regiowiki.at/wiki/Regiowiki:Wer_kann_mitmachen%3F" target="_blank">Wer kann auf Regiowiki mitmachen?</a>“</p>



<h3 class="has-text-align-center has-medium-font-size wp-block-heading" id="wir-suchen-zeitzeuginnen-und-alte-dokumente"><strong>Wir suchen ZeitzeugInnen und alte Dokumente</strong></h3>



<p>Wer Personen kennt, die über Rodaun aus den vergangenen Jahrzehnten erzählen können und wollen, wir freuen uns über eine Vermittlung. Sollten sie alte Fotos, Filmaufnahmen, Zeitungsausschnitte oder andere Gegenstände finden, die vergangene Jahre in Rodaun dokumentieren, gerne würden wir diese Erinnerungen abfotografieren oder scannen. Bitte mit Marcus Marschalek (marschalek.marcus@gmail.com +4366488119408) Kontakt aufnehmen.</p>

<p>Das Geschichtsprojekt „Rodaun Heritage“ soll mit Hilfe von Video-Interviews mit Zeitzeuginnen und Zeitzeugen das Leben in Rodaun im 20. Jahrhundert dokumentieren und seine Veränderungen und Entwicklungen im sozialen, kulturellen und wirtschaftlichen Kontext, anhand persönlicher Biografien, sichtbar machen. Darüber hinaus werden zu den Interviews passende Erinnerungsstücke, wie alte Fotos, Filme aber auch Plakate, Zeitungsausschnitte, etc. digital [&hellip;]</p>
